alculate the remainder when 21570 is divided by 2695.
10
What is the remainder when 262875 is divided by 11?
8
Calculate the remainder when 5934 is divided by 334.
256
What is the remainder when 582661 is divided by 116531?
6
Calculate the remainder when 93030 is divided by 423.
393
Calculate the remainder when 5187 is divided by 738.
21
What is the remainder when 25295 is divided by 153?
50
Calculate the remainder when 127428 is divided by 1355.
58
Calculate the remainder when 1902 is divided by 632.
6
Calculate the remainder when 22030 is divided by 216.
214
Calculate the remainder when 19139 is divided by 60.
59
What is the remainder when 13247 is divided by 32?
31
What is the remainder when 360122 is divided by 215?
212
Calculate the remainder when 3857 is divided by 48.
17
Calculate the remainder when 16985 is divided by 18.
11
What is the remainder when 7438 is divided by 7424?
14
What is the remainder when 485 is divided by 348?
137
What is the remainder when 94060 is divided by 29?
13
What is the remainder when 4960 is divided by 988?
20
What is the remainder when 123759 is divided by 20606?
123
What is the remainder when 25472 is divided by 1015?
97
What is the remainder when 29643 is divided by 724?
683
Calculate the remainder when 45714 is divided by 497.
487
What is the remainder when 62439 is divided by 62429?
10
What is the remainder when 59988 is divided by 82?
46
What is the remainder when 120941 is divided by 62?
41
What is the remainder when 5158 is divided by 367?
20
What is the remainder when 243481 is divided by 714?
7
What is the remainder when 10420 is divided by 10?
0
What is the remainder when 24822 is divided by 421?
404
Calculate the remainder when 944763 is divided by 285.
273
Calculate the remainder when 6583 is divided by 777.
367
Calculate the remainder when 191559 is divided by 153.
3
Calculate the remainder when 5327 is divided by 3.
2
Calculate the remainder when 30211 is divided by 30196.
15
What is the remainder when 6732 is divided by 1678?
20
Calculate the remainder when 89605 is divided by 17.
15
What is the remainder when 608247 is divided by 78?
3
Calculate the remainder when 5566 is divided by 539.
176
Calculate the remainder when 11734 is divided by 35.
9
Calculate the remainder when 2568 is divided by 2512.
56
What is the remainder when 32172 is divided by 39?
36
Calculate the remainder when 22395 is divided by 29.
7
Calculate the remainder when 15069 is divided by 5016.
21
What is the remainder when 690443 is divided by 12?
11
What is the remainder when 40529 is divided by 14?
13
What is the remainder when 520547 is divided by 340?
7
What is the remainder when 1856064 is divided by 15?
9
What is the remainder when 18721 is divided by 31?
28
What is the remainder when 47175 is divided by 11792?
7
What is the remainder when 21634 is divided by 338?
2
Calculate the remainder when 1763 is divided by 81.
62
Calculate the remainder when 860 is divided by 107.
4
Calculate the remainder when 13904 is divided by 98.
86
What is the remainder when 102338 is divided by 25?
13
What is the remainder when 25100 is divided by 17?
8
What is the remainder when 24186 is divided by 318?
18
Calculate the remainder when 3405 is divided by 1369.
667
What is the remainder when 1629 is divided by 232?
5
What is the remainder when 31219 is divided by 63?
34
What is the remainder when 13829 is divided by 318?
155
Calculate the remainder when 127950 is divided by 63969.
12
Calculate the remainder when 868168 is divided by 258.
256
What is the remainder when 3356 is divided by 839?
0
What is the remainder when 17687 is divided by 466?
445
Calculate the remainder when 23518 is divided by 256.
222
What is the remainder when 9956 is divided by 1422?
2
What is the remainder when 20443 is divided by 6740?
223
What is the remainder when 14572 is divided by 3637?
24
Calculate the remainder when 21849 is divided by 10905.
39
What is the remainder when 6379 is divided by 877?
240
What is the remainder when 3873 is divided by 351?
12
Calculate the remainder when 9560 is divided by 255.
125
What is the remainder when 522524 is divided by 319?
2
Calculate the remainder when 1476 is divided by 11.
2
What is the remainder when 79516 is divided by 39754?
8
What is the remainder when 1006976 is divided by 26?
22
What is the remainder when 4065 is divided by 186?
159
What is the remainder when 4533682 is divided by 65?
62
Calculate the remainder when 17070 is divided by 78.
66
What is the remainder when 1158 is divided by 533?
92
Calculate the remainder when 4290 is divided by 2121.
48
Calculate the remainder when 1941 is divided by 136.
37
What is the remainder when 34370 is divided by 3816?
26
What is the remainder when 657053 is divided by 18?
17
Calculate the remainder when 4415 is divided by 1312.
479
What is the remainder when 17119 is divided by 225?
19
Calculate the remainder when 67490 is divided by 103.
25
What is the remainder when 1440101 is divided by 654?
647
What is the remainder when 6269 is divided by 396?
329
What is the remainder when 14442 is divided by 559?
467
Calculate the remainder when 1551 is divided by 127.
27
What is the remainder when 1468143 is divided by 10?
3
Calculate the remainder when 6124 is divided by 324.
292
Calculate the remainder when 10797 is divided by 216.
213
What is the remainder when 14004 is divided by 506?
342
What is the remainder when 145699 is divided by 188?
187
Calculate the remainder when 45537 is divided by 15179.
0
What is the remainder when 7267 is divided by 7254?
13
Calculate the remainder when 3396 is divided by 682.
668
What is the remainder when 10783 is divided by 147?
52
What is the remainder when 39264 is divided by 247?
238
Calculate the remainder when 147244 is divided by 506.
504
What is the remainder when 59240 is divided by 391?
199
Calculate the remainder when 38624 is divided by 251.
221
Calculate the remainder when 3922 is divided by 26.
22
Calculate the remainder when 89799 is divided by 10.
9
Calculate the remainder when 81258 is divided by 117.
60
Calculate the remainder when 1711 is divided by 59.
0
Calculate the remainder when 49253 is divided by 52.
9
Calculate the remainder when 337 is divided by 21.
1
Calculate the remainder when 24815 is divided by 376.
375
Calculate the remainder when 86392 is divided by 130.
72
What is the remainder when 1066 is divided by 514?
38
Calculate the remainder when 594 is divided by 489.
105
Calculate the remainder when 9454 is divided by 19.
11
What is the remainder when 517 is divided by 19?
4
Calculate the remainder when 41330 is divided by 435.
5
Calculate the remainder when 9419 is divided by 1344.
11
Calculate the remainder when 1501 is divided by 29.
22
What is the remainder when 276781 is divided by 18?
13
Calculate the remainder when 148826 is divided by 107.
96
Calculate the remainder when 1084 is divided by 6.
4
Calculate the remainder when 32978 is divided by 1221.
11
What is the remainder when 5861 is divided by 739?
688
Calculate the remainder when 41838 is divided by 16.
14
Calculate the remainder when 10162 is divided by 10150.
12
What is the remainder when 109897 is divided by 140?
137
What is the remainder when 934417 is divided by 20?
17
What is the remainder when 498 is divided by 138?
84
Calculate the remainder when 38685 is divided by 614.
3
What is the remainder when 3074 is divided by 58?
0
What is the remainder when 190639 is divided by 16?
15
What is the remainder when 306862 is divided by 68?
46
What is the remainder when 3594 is divided by 352?
74
What is the remainder when 18087 is divided by 1640?
47
Calculate the remainder when 3856 is divided by 148.
8
Calculate the remainder when 47453 is divided by 47444.
9
Calculate the remainder when 92788 is divided by 703.
695
What is the remainder when 672 is divided by 114?
102
Calculate the remainder when 95757 is divided by 95746.
11
What is the remainder when 171148 is divided by 70?
68
Calculate the remainder when 1630175 is divided by 194.
187
What is the remainder when 569613 is divided by 1495?
18
What is the remainder when 1496 is divided by 51?
17
Calculate the remainder when 7450 is divided by 13.
1
Calculate the remainder when 8852 is divided by